)/12 + (-62)/6. Let y(l) be the third derivative of -l**4/8 - 5*l**3/2 + 2*l**2. What are the prime factors of y(v)?
2, 3
Suppose 7*g = 3*g + 80. Let q = g - -5. List the prime factors of q.
5
Suppose 3*x = -32 - 16. Let n = -1 - x. What are the prime factors of n?
3, 5
Let n = 449 - 316. What are the prime factors of n?
7, 19
Suppose 2 = -4*t + 10. Suppose -3*a - 5*u = -5, 2*u + 17 = 3*a - t. Let y = a - 3. List the prime factors of y.
2
Let d(h) = h + 13. Let t(b) = b**3 + 14. Let a be t(0). List the prime factors of d(a).
3
Suppose -s + 4*s = 177. Suppose -s = -4*j - 11. What are the prime factors of j?
2, 3
Suppose -5*a + w - 5 = 0, -a - 4*w = -2*a + 18. Let t(p) = p**3 + 4*p**2 - 5*p - 2. Let d be t(-5). What are the prime factors of 0 + ((-4)/d - a)?
2
Suppose -g + 4*b + 5 + 86 = 0, -4*b + 209 = 3*g. List the prime factors of g.
3, 5
Let j(y) = -y**3 + 5*y**2 - 2*y + 3. What are the prime factors of j(4)?
11
Suppose 0 = u - 6*u - 15. Let m be (-6)/4*4/u. Let f = 4 + m. What are the prime factors of f?
2, 3
Let s(v) = v**3 + 13*v**2 + 7*v + 12. List the prime factors of s(-12).
2, 3
Let p be (-1 + 2)*(-12)/(-4). Suppose 2*h = p*h - 1. Suppose -h + 3 = q. What are the prime factors of q?
2
Let h(d) = d**3 + 7*d**2 + 5*d - 3. Let x(z) = -z**2 - 2*z - 3. Let s be x(-3). Let o be h(s). Let c(g) = 3*g. What are the prime factors of c(o)?
3
Let g(c) = -7*c + 2. Let u be g(6). Let o = -17 - u. List the prime factors of o.
23
Let f(s) be the third derivative of s**5/60 - s**4/12 - 7*s**3/6 + 3*s**2. Let z be 2/4 + (-27)/(-6). What are the prime factors of f(z)?
2
Let p = 1 + 0. Let l = 5 - 29. List the prime factors of (-15*p)/(l/16).
2, 5
Let x(g) = -5*g. Let d be x(-1). Suppose -3 = -4*m + d. Suppose -5*j = -3*h + m, 4*j = -2*h - 3*h + 28. What are the prime factors of h?
2
Let r(g) = 4*g**2 + 5*g + 3. What are the prime factors of r(-6)?
3, 13
Suppose -n = -10 - 23. List the prime factors of n.
3, 11
Suppose 0 = 6*u - 1874 + 230. What are the prime factors of u?
2, 137
Let i = 151 - 16. List the prime factors of i.
3, 5
Let b be ((-3)/2)/(21/56). Let f(t) = t**2 - 2*t - 4. What are the prime factors of f(b)?
2, 5
Let r = 5 - 4. Let j be r/((1 + -2)/4). List the prime factors of (-6)/j*(2 + 6).
2, 3
Let c(q) = -4 + 2*q - q**2 - 5*q - 6*q. Let m(y) = y**3 - 15*y**2 + 14*y - 8. Let f be m(14). What are the prime factors of c(f)?
2
Let v be ((-9)/27)/((-1)/(-3)). Let m be 3 + -3 - (-4)/v. What are the prime factors of (-110)/(-6) - m/(-12)?
2, 3
Let q(v) = v**3 + 9*v**2 - 14*v + 3. What are the prime factors of q(-10)?
43
Let g = -142 + 500. List the prime factors of g.
2, 179
Suppose 31*n - 29*n - 232 = 0. List the prime factors of n.
2, 29
List the prime factors of (75/(-30) - 1/(-2))*-16.
2
Let s(t) = 5*t**2 - t**2 - 6 - 3*t**2 + t + 6*t. List the prime factors of s(-9).
2, 3
Suppose 12 = -b + 3*b. Let u = b - 0. What are the prime factors of u?
2, 3
Suppose 0*w = -3*l + 2*w + 60, -w + 3 = 0. What are the prime factors of l?
2, 11
Suppose -3*x = -3*t + 5*t - 187, 20 = 4*x. What are the prime factors of t?
2, 43
Suppose -3*a - 3 = -4*a. Suppose -6 = -a*w + 6. What are the prime factors of w?
2
Let q be (-1)/(1/(-3))*5. Let p = q - 11. Let m(z) = 2*z**2 - 4*z - 4. What are the prime factors of m(p)?
2, 3
Let u(o) = o**3 + 11*o**2 + 8*o - 3. Let m be 3 - (-13)/(0 + -1). List the prime factors of u(m).
17
Let t = 11 - 7. Suppose -4*p + 260 = 84. Suppose t*m = m, 0 = -4*x - 3*m + p. What are the prime factors of x?
11
Let p(d) = 31*d - 2. Let r be p(1). Suppose 5*c = r + 56. What are the prime factors of c?
17
Suppose -40 + 4 = 2*w. Let q(m) = -3*m**3 + m**2 + m + 1. Let l be q(-2). Let z = w + l. List the prime factors of z.
3
What are the prime factors of (2 + -14)/((-30)/380)?
2, 19
Suppose -8*q = -3*q - 145. List the prime factors of q.
29
Suppose 2*a - 32 = -f, a + 2*a = -4*f + 133. What are the prime factors of f?
2, 17
Suppose -5*p + 8 = 2*j, -2*j + 12 = j - 2*p. Suppose j*w + 0*r - 2*r - 18 = 0, 5*r + 15 = 4*w. Suppose 0 - w = -f. What are the prime factors of f?
5
Let j be 4/6*-3*3. Let q(k) = k**3 + 5*k**2 - 6*k + 9. List the prime factors of q(j).
3
Suppose 3*t - 60 = -2*t. Suppose -3 = m - t. Suppose -9 - m = -r. List the prime factors of r.
2, 3
Let x(a) = a**2 - 17*a - 26. List the prime factors of x(21).
2, 29
Suppose -2 - 1 = -v. List the prime factors of 69*(-2)/(-18)*v.
23
Let d be (-3)/(((-12)/(-58))/(-2)). Let t = d + -8. List the prime factors of t.
3, 7
Suppose p + 2*b = 5*b - 9, 4*p + 3*b = -6. What are the prime factors of ((-38)/p)/(6/9)?
19
Suppose -5*y - 188 = -9*y. What are the prime factors of y?
47
Suppose 4*r = 2*q + 20, 0*q = -3*q + 4*r - 20. Suppose q = l - 8 - 13. What are the prime factors of l?
3, 7
Let l = 6 - 2. Suppose -4*t + 9 = -5*s, 2*s + l*t + 0*t = -26. Let j(c) = -c + 5. List the prime factors of j(s).
2, 5
Suppose -2 = -5*o + 5*a + 48, -3*a = -4*o + 35. What are the prime factors of o?
5
Let h(y) = y**3 + 22*y**2 + 11*y + 13. List the prime factors of h(-21).
223
Suppose w = 6*w. Let i(v) = v**3 + v**2 + 3. What are the prime factors of i(w)?
3
Let b = -8 + 12. Let x be (-1)/(-4) + 95/b. Suppose 2*l - x = -l. What are the prime factors of l?
2
Suppose 2*d = 5*m - 23, 2*m - 7 = 4*d - 1. Let j = m + -4. What are the prime factors of 3/(j + 2) + 1?
2
Let s = -7 + 5. What are the prime factors of 1*(3 + s) + 31?
2
Let c(r) = -r**2 + 3. Let k be c(3). Let y be 19 + k/(-4 - -2). Suppose 3*b + y = 2*p, -2*b - 2 = 6. What are the prime factors of p?
5
Let i(u) = u**2 + 3*u - 2. Let y = 5 - 7. Let c = -6 - y. What are the prime factors of i(c)?
2
Suppose -3*n + 16 = -7*n, -m = 3*n - 296. What are the prime factors of m?
2, 7, 11
Let r = 66 + -40. What are the prime factors of r?
2, 13
Suppose -2*k + 30 = 3*k + 4*q, -k + 5*q - 23 = 0. Suppose k*c + 80 = 4*c. List the prime factors of c.
2, 5
Suppose -5*l + 2 = -13. Suppose 2*b + l*b = 170. List the prime factors of b.
2, 17
Let l be (16/10)/((-3)/(-15)). Let y be (0 + 0)*(-1)/2. Suppose 0*o + 4*o - l = y. What are the prime factors of o?
2
Let n(z) = z**3 + 4*z**2 - 5*z. Let l be n(-5). Suppose q - 5 = -l. List the prime factors of q.
5
What are the prime factors of ((6/4)/3)/(2/396)?
3, 11
Let r(y) = 286*y**2 + y. What are the prime factors of r(1)?
7, 41
Let f(o) = 6*o. Let a be f(6). Suppose -4*b + 3*b = -a. What are the prime factors of b?
2, 3
Let x(i) be the second derivative of i**5/4 - i**3/3 + i**2/2 - 2*i. Let g be x(1). Suppose -k + 1 = -g. List the prime factors of k.
5
Let s(h) be the first derivative of -h**3/3 + 7*h**2 - 12*h - 10. List the prime factors of s(8).
2, 3
Suppose 0*j - 3*j + 234 = 0. List the prime factors of j.
2, 3, 13
Let x be 0 + (0 - 1) + -2. Let q(k) = -13*k - 1. Let j(t) = -7*t. Let a(f) = -5*j(f) + 3*q(f). List the prime factors of a(x).
3
Let z(i) = 2*i - 5. Let t be z(5). Let s = 0 - t. Let m(g) = -g + 1. List the prime factors of m(s).
2, 3
Let k be (-70)/7 - (-1 - 1). Let f = 13 + k. What are the prime factors of f?
5
Suppose -2*b + 10 = -3*w, 0 = w - 2 + 4. Suppose -b*z + 1 = -43. List the prime factors of z.
2, 11
Let j = -28 + 155. List the prime factors of j.
127
What are the prime factors of (-24)/16*(-2)/1?
3
Suppose -42 = -4*d + 30. What are the prime factors of d?
2, 3
Let u = 9 - 6. Suppose 14 = -u*i + 47. What are the prime factors of i?
11
Suppose -4*m + 13 = 4*z - 5*z, 0 = -2*m + 2*z + 14. Suppose 0 = 5*s + 5*i - 115, m*s + 3*i - 2*i - 48 = 0. List the prime factors of s.
5
Suppose -g + 23 = -2*x - 32, g + 5*x - 69 = 0. List the prime factors of g.
59
Suppose 5*p + 5*z = 10, 4 = 3*z - 2. Suppose p = k, 0 = -3*r + 4*r + 5*k - 8. List the prime factors of r.
2
Suppose -5*z = -s + 46 - 240, -3*z = -3*s - 126. What are the prime factors of z?
2, 19
Suppose -4*l = 2 + 10. Let i be 0/(3*(-2)/l). What are the prime factors of -9*(1 - i)/(-3)?
3
Suppose 351 = 6*u - 207. List the prime factors of u.
3, 31
Let q(r) = 3*r**2. Let o be q(1). Let v = o + 0. Let k = v - -8. What are the prime factors of k?
11
Suppose -5*q + q + 2*d + 174 = 0, -5*q + 214 = d. What are the prime factors of q?
43
What are the prime factors of -15 - -12 - (-1 + -125)?
3, 41
Let w(n) = n + 2. Let l be w(0). What are the prime factors of (-5 - 